 + -2 + 11.
-13
Evaluate -14 - -2 - ((3 - 4 - 4) + 4).
-11
Calculate -1 - (-16 + 20 + (-2 - 6)).
3
Calculate (-10 - -14) + 6 + (-14 - -3).
-1
-5 + -3 + 7 + (3 - 1) + 0
1
-1 + -27 + -94 + 151
29
What is -14 - (78 - 67 - (12 + -2))?
-15
What is the value of (2 - (4 + 3 + 2)) + (1 - -12)?
6
53 + 0 + -327 + 298
24
What is -9 - (-34 + 3 + 5) - -3?
20
What is the value of 0 + 15 - 1 - (28 - -11)?
-25
Evaluate 7 - (11 - -1 - (46 - (-22 - -58))).
5
What is 22 - 9 - 9 - (2 + -13)?
15
What is the value of 28 + 8 + (-10 - 0) + -10?
16
(5 - (-3 + 29 + (-7 - -1))) + -1
-16
What is 18 - -16 - (57 + -19)?
-4
Evaluate (-3 - (2 - -2)) + (-5 - (9 - 18)).
-3
Evaluate -16 + -21 + 20 + 18.
1
-7 + (3 - -13 - 7) - 12
-10
Evaluate (9 - 5) + 0 + -11 - -6.
-1
27 + -17 + (-5 - (-13 + (1 - -4)))
13
(-109 - -101) + 14 + 3 + 0
9
(-6 - -29 - 22) + 8 + 1
10
Calculate 30 - (-14 + -29 + 63).
10
What is the value of -3 - (-9 + -6 + 8) - -2?
6
What is 1 + -3 + -8 + 26?
16
What is the value of -11 + 7 - 0 - (1 - 4)?
-1
Calculate 0 + -14 - (-6 - -7) - -8.
-7
-31 - (9 - 14) - 0 - -7
-19
What is -2 - (-3 + (-11 - (3 - 38)))?
-23
Evaluate 2 + (1 - -3) + -2 + -8 + 3.
-1
Calculate (-8 - (17 + -30)) + 0 + -6.
-1
101 - 126 - (-4 + 6 + -3)
-24
Evaluate (-17 + 3 - -2) + 6.
-6
What is the value of (-1 + 4 - (53 + -58)) + -15 + 2?
-5
(-39 - -16 - -25) + (-5 - -1)
-2
(-11 - -4) + (16 - 9) + 10
10
What is the value of 5 - ((8 - 2 - 9) + 1)?
7
What is the value of 9 + (3 + 14 - 38)?
-12
Evaluate (0 - 14) + 22 + (3 - -10) + -5.
16
Calculate 3 - -2 - 2 - (120 + -52 - 66).
1
Calculate -39 - (-10 + 21 - 85).
35
What is the value of -53 - ((12 - -2) + -44)?
-23
Calculate -12 + 9 + (-4 + -20 - -11).
-16
Calculate -12 - (-2 - (0 + 4)) - 6.
-12
What is the value of 1 + 10 - (-10 + (2 - -17))?
2
Calculate 14 + -4 + (-8 + 12 - 6) + 2.
10
Calculate -27 + -11 + 24 - -11 - 13.
-16
((4 - -4) + -14 - (-1 + 1)) + 11
5
-5 + (2 + -9 - -14) - (-5 - -22)
-15
Calculate -5 + -10 - (25 - 34) - -26.
20
-29 - (15 + -41 + -8)
5
Calculate -4 + 9 + -1 + 1 + (1 - 0).
6
-18 + 12 + 18 + -2
10
What is the value of (4 - (2 - (-2 + 6))) + -10 + 3?
-1
Calculate (4 - 3) + 0 + 0 - (58 + -67).
10
What is the value of -22 + 11 + 10 + -2?
-3
What is the value of (7 - (6 - 5) - (26 - 30)) + -38?
-28
Calculate -32 - (-22 + (3 - (3 - 14))).
-24
Calculate (3 - (32 - 3)) + 25 + -17 - 1.
-19
-13 + 12 + -5 + 6 + -1 + -5
-6
-32 - (1 + (0 - (11 + -5 + 3)))
-24
Calculate 9 - (18 + 1 + -5).
-5
Calculate (25 - (24 + -8)) + -16.
-7
What is (-8 - -44) + -25 - 10?
1
Evaluate 5 - (16 + 1 + -21).
9
What is 15 + (-24 - -12) + -15 - (8 - 1)?
-19
What is the value of (13 - -3) + -11 + 0 - (8 - 1)?
-2
What is 0 - (-14 - (-17 + -11))?
-14
What is -1 - (16 - (5 - 14) - -11)?
-37
Evaluate 19 - (14 - 1) - 0.
6
-1 - 1 - ((-14 - -6) + -14 - 4)
24
Calculate 36 - (8 - (-34 + 6)).
0
Evaluate 0 + -2 + 13 + (2 - 0).
13
(9 - 47) + 51 + 2 + -11
4
-3 - 10 - (219 + -197)
-35
Evaluate -39 + (-15 - -4 - -30).
-20
What is the value of -23 + (12 - 3) + -8 - -10?
-12
Calculate -114 - -106 - ((7 - 2) + -2).
-11
Calculate -2 - ((0 - 1) + -2 + 0 - 6).
7
Calculate -23 + 0 + -4 - -1.
-26
What is (-107 - -88) + 0 + 14?
-5
What is the value of -2 + -5 + (5 - 4) - 6?
-12
What is 14 - (2 + (-5 - -5) + 9 + -9)?
12
17 + -18 - (0 + 3 + (23 - 18))
-9
Evaluate 0 - 0 - (142 + -174 + (15 - 0)).
17
(0 - -1) + 7 - (-539 + 528)
19
17 + -2 - (32 + -26) - 9
0
What is -1 - -30 - 14 - 29?
-14
Calculate (28 - 23) + -4 + 3 - 6.
-2
What is 0 - -2 - 1 - ((-26 - -20) + 23)?
-16
Evaluate -5 + (-7 - (-16 - (-15 + 6))).
-5
0 + 30 + -78 + 68 + -6
14
Evaluate (40 - (34 + -34)) + -60.
-20
What is the value of -12 + 15 + (2 - 10)?
-5
What is the value of (-13 - -16) + 16 + (0 - 7) + 1?
13
Evaluate -20 + (4 - (-9 + 9)) + -4.
-20
Evaluate 4 + 3 + -16 + 2 - -3.
-4
Evaluate 0 + 13 + 17 + -24.
6
Calculate -13 + (14 + -9 - -17).
9
Evaluate (7 - 5) + -1 + (-1 - -9).
9
What is the value of (-9 - -2 - -5) + -2 - (1 - 0)?
-5
What is the value of -11 - -1 - (2 + -2 + 41 + -40)?
-11
Evaluate -5 + -38 - 1 - -76.
32
What is -39 + 48 - (1 + -12 + 50)?
-30
(0 + 8 - 11 - (-2 - -5)) + 17
11
Evaluate 4 + -14 + -14 + 20.
-4
-6 + (70 - 63) + 8 + -1
8
Calculate -2 - (-115 - -105 - (-13 + 0)).
-5
Evaluate 6 + (-6 + 4 - -7).
11
(2 - (7 - 10)) + (6 - (0 + 23))
-12
9 + (-11 - 15) + 27
10
Evaluate -4 + -3 + 29 + 3 - 13.
12
4 - 4 - 7 - 7
-14
14 + 19 + 14 + -16
31
-4 - (15 + 6) - (-6 + 11 + 2)
-32
What is the value of 21 - (-10 - -11 - -12)?
8
What is (1 - (1 + 1) - -8) + -101 + 97?
3
Calculate (-21 - -40) + (7 - (-1 + 6 - 4)).
25
Evaluate -7 + 16 + -3 - -7.
13
-1 + 32 + (39 - 51 - (3 + -8))
24
What is -10 - (5 - (-5 - -12) - (-25 - -16))?
-17
Calculate (1700 - 1693) + (0 - 12).
-5
Evaluate -35 + (2 - -2) + (-2 - 1) + 9.
-25
What is the value of 50 + -39 + (0 - 8)?
3
Calculate 8 + (-4 - (1 - -11)).
-8
Evaluate 10 + (15 - (29 + -3)) - (0 - -2).
-3
Evaluate -8 + 19 + (11 - 28 - -13).
7
Evaluate (-9 - -20) + (17 - 13).
15
Evaluate -3 - (-4 + -24 + 8).
17
Calculate (9 - 3) + (9 + -6 + 4 - 11).
2
Calculate (7 - (-23 + 16)) + -1.
13
Evaluate -4 - 3 - -8 - -18.
19
4 + -3 + -15 + 10
-4
What is -3 + -2 + -2 + (0 - -3) - -12?
8
Calculate -2 + 25 - (12 - 1).
12
(-4 - 1) + 4 - (6 - 11)
4
What is (2 - (-1 + (3 - 2))) + 27 + -28?
1
What is the value of (-8 - -5) + 17 - 0?
14
4 + 0 + -1 + 2 + 0 + -5
0
What is 9 + (41 - 21) + 9 + -27?
11
Calculate -20 + (-2 - -7) + 12 + (-17 - -11).
-9
-63 + 89 + (6 + -3 - 11) + -1
17
Calculate -65 - (0 + -12 + -19).
-34
Evaluate -275 + 268 + (-2 - -1 - (-24 + -3)).
19
Calculate -4 + 9 - (0 + 5) - (-16 + -3).
19
What is 21 + 2 + -15 + -8 + 2?
2
What is the value of (-8 + 2 - -13) + -13?
-6
25 + -49 + 54 - 28
2
What is 2 + -7 + -4 - (1 + -3 - -2)?
-9
1230 + -1216 - (51 + 2)
-39
What is 10 - 5 - (8 + 1 + 2)?
-6
What is the value of -5 + 6 + -26 - 7?
-32
Evaluate -2 + -13 + 20 + -2 - (-10 + 1).
12
Calculate 6 - (1 + 21 - (5 + 6)).
-5
Calculate 8 + (-2 - -2) - (16 - (54 - 30)).
16
Evaluate -4 + 18 - (-26 - -27).
13
What is the value of -7 - (-14 + (-6 - (-10 + -5)))?
-2
Calculate -3 + (14 - 8) + -14.
-11
Calculate -11 + 15 + 26 + -30.
0
Calculate -7 + (-4 - -8) - (3 + (0 - -3)).
-9
-8 - (6 + 6 + 1 + -23)
2
91 + -108 - (-29 - 2) - -14
28
What is the value of (-13 - -22 - 13) + 34 + -1 - 2?
27
What is (-24 - -1) + (85 - 96 - (0 + -12))?
-22
Calculate 16 + -1 + (19 - (19 - (4 - -7))).
26
What is (-29 - -17) + (-5 - (-4 - 0))?
-13
Calculate -19 - ((5 - 21) + 13 + -4 + 12).
-24
What is 3 + (0 - 0 - (9 - 5))?
-1
6 - (-4 + (2 - -1) + 1 - -1)
5
Calculate -7 - (-15 - 8) - 32 - -48.
32
Calculate -2 - -9 - 0 - (216 + -223).
14
(-1 - -1) + -6 + (33 - 32)
-5
What is -94 + 87 + (-2 - -8) + 1?
0
What is the value of -10 + 54 + -49 + (1 - 0)?
-4
(13 - (0 + 20)) + -9
-16
What is -24 - (23 + -16 - 11)?
-20
What is -27 + 12 + -38 + 57?
4
What is -12 - ((-10 - (-15 + -8)) + -11)?
-14
What is the value of 3 + -1 - (8 - (13 - -8))?
15
Evaluate (28 - 4) + 3 + 28 + -46.
9
What is the value of 1 - 15 - (11 + -12) - (-1 - 0)?
-12
What is (-22 - -5) + 14 + -4?
-7
What is -18 + (15 - 2) + 42 - 5?
32
What is -1 + -24 + 248 + -234?
-11
Evaluate -1 + (2 - ((6 - 4) + -4)) - 5.
-2
What is 4 - 4 - 1 - (-2 - 0 - 4)?
5
Evaluate -10 - ((2 - 10 - -9) + -2).
-9
6 - (9 + 16) - -21
2
Evaluate 2 + -8 - (3 + 8 + -20).
3
What is 22 + -28 + -10 + 15 + 4?
3
Calculate -293 + 303 - ((-1 - (-2 - -1)) + -1).
11
Evaluate 7 - (-2 + 10) - -9.
8
What is (4 + -1 - (-14 - -14) - 5) + 11?
9
What is -21 + (27 - (-19 - -19))?
6
Calculate -10 - (-29 + -1) - 35.
-15
4 + 0 + 6 + -18 - (-10 - 17)
19
What is the value of 0 + (12 - ((-3 + -4 - -4) + 1))?
14
Evaluate -7 - (-14 + 28 - 25).
4
Evaluate (-15 - (-21 + -15)) + 2 + 3 + 3.
29
-16 - (99 + -108 - (3 - -33))
29
Calculate 10 - 1 - (240 + -242).
11
Evaluate -2 - 2 - (-3 + (-9 - (4 - 4))).
8
What is the value of 8 + (-12 + 16 - (3 + 1))?
8
Evaluate -18 - 3 - (-14 - (-7 - -2)).
-12
Calculate -11 - (-40 + 1 - (-34 - -25)).
19
Evaluate 13 + (-4 - -1) - (-32 + 39 - 5).
8
What is 8 + (-77 - -31) + 31?
-7
What is the value of -4 + 21 + -5 + -11?
1
What is (-41 + 26 - (-15 + 1)) + -4 + -1?
-6
10 + 6 + (2 - 9) + -74 + 88
23
99 - 108 - (-32 + -2 + 2)
23
Evaluate 1 - (5 - 8 - (3 - 4 - 3)).
0
What is -12 + 10 + 17 + -1 + -1?
13
-20 - (-15 +